 factor of 8850?
True
Does 40 divide 280?
True
Does 174 divide 9734?
False
Is 13912 a multiple of 8?
True
Does 71 divide 648?
False
Does 45 divide 96371?
False
Is 26 a factor of 3738?
False
Is 27 a factor of 65259?
True
Is 49545 a multiple of 45?
True
Does 50 divide 2250?
True
Is 7 a multiple of 4?
False
Is 6715 a multiple of 17?
True
Is 17 a factor of 4488?
True
Does 18 divide 4641?
False
Does 9 divide 3208?
False
Is 5 a factor of 390?
True
Is 14 a factor of 76720?
True
Is 40 a factor of 13236?
False
Is 3 a factor of 42?
True
Does 5 divide 3289?
False
Is 53964 a multiple of 12?
True
Is 30758 a multiple of 67?
False
Does 61 divide 305?
True
Does 3 divide 10315?
False
Is 12 a factor of 23316?
True
Does 40 divide 859?
False
Does 196 divide 43163?
False
Does 4 divide 334?
False
Is 833 a multiple of 17?
True
Does 53 divide 2597?
True
Is 50 a factor of 9782?
False
Is 5522 a multiple of 143?
False
Is 30 a factor of 1746?
False
Is 13 a factor of 5382?
True
Is 5 a factor of 3822?
False
Does 81 divide 11012?
False
Does 11 divide 14750?
False
Is 80 a factor of 2720?
True
Is 16 a factor of 5568?
True
Does 12 divide 504?
True
Does 22 divide 10714?
True
Is 245 a multiple of 12?
False
Does 90 divide 1187?
False
Is 16 a factor of 528?
True
Is 14124 a multiple of 321?
True
Does 7 divide 62?
False
Is 21 a factor of 1512?
True
Does 162 divide 12798?
True
Is 8088 a multiple of 17?
False
Is 21760 a multiple of 9?
False
Is 1869 a multiple of 8?
False
Does 12 divide 194?
False
Does 74 divide 2368?
True
Is 5584 a multiple of 4?
True
Is 74 a factor of 24691?
False
Does 38 divide 1786?
True
Does 35 divide 6615?
True
Is 33 a factor of 170?
False
Does 17 divide 1426?
False
Does 46 divide 1545?
False
Is 12 a factor of 5772?
True
Does 180 divide 3600?
True
Does 25 divide 36943?
False
Is 156 a factor of 30420?
True
Is 22 a factor of 1073?
False
Does 26 divide 3218?
False
Is 11 a factor of 713?
False
Is 26 a factor of 44330?
True
Does 13 divide 832?
True
Does 72 divide 4669?
False
Is 11 a factor of 24018?
False
Is 50 a factor of 887?
False
Is 960 a multiple of 30?
True
Does 18 divide 4910?
False
Is 1020 a multiple of 17?
True
Does 6 divide 359?
False
Is 1106 a multiple of 7?
True
Is 454 a multiple of 14?
False
Is 3365 a multiple of 95?
False
Does 52 divide 10608?
True
Is 585 a multiple of 65?
True
Is 10429 a multiple of 95?
False
Is 5 a factor of 16073?
False
Is 1552 a multiple of 50?
False
Is 8 a factor of 136?
True
Does 15 divide 630?
True
Is 7 a factor of 2863?
True
Does 25 divide 530?
False
Is 33460 a multiple of 10?
True
Is 22 a factor of 7819?
False
Is 10 a factor of 6644?
False
Does 9 divide 148?
False
Does 26 divide 312?
True
Does 182 divide 19562?
False
Does 40 divide 40?
True
Is 84 a multiple of 7?
True
Is 17496 a multiple of 486?
True
Is 136 a multiple of 2?
True
Does 14 divide 15158?
False
Does 13 divide 26767?
True
Does 17 divide 10285?
True
Does 21 divide 96?
False
Is 53406 a multiple of 43?
True
Is 24 a factor of 36144?
True
Does 5 divide 85?
True
Is 7 a factor of 1512?
True
Is 943 a multiple of 33?
False
Is 23 a factor of 1932?
True
Is 12 a factor of 9379?
False
Is 1325 a multiple of 25?
True
Is 4 a factor of 14724?
True
Is 485 a multiple of 20?
False
Is 564 a multiple of 16?
False
Is 7840 a multiple of 16?
True
Is 7 a factor of 455?
True
Is 9 a factor of 234?
True
Does 42 divide 20790?
True
Is 67392 a multiple of 36?
True
Does 29 divide 1392?
True
Is 74 a factor of 6734?
True
Is 4 a factor of 2009?
False
Is 49772 a multiple of 19?
False
Is 1755 a multiple of 65?
True
Does 17 divide 119?
True
Is 665 a multiple of 35?
True
Is 12 a factor of 71?
False
Does 26 divide 38739?
False
Is 1365 a multiple of 65?
True
Is 2 a factor of 3791?
False
Does 30 divide 704?
False
Does 15 divide 2936?
False
Does 11 divide 528?
True
Is 12 a factor of 798?
False
Is 16321 a multiple of 4?
False
Does 34 divide 9792?
True
Does 5 divide 6385?
True
Is 24206 a multiple of 14?
True
Is 34922 a multiple of 19?
True
Is 4 a factor of 1973?
False
Does 5 divide 198?
False
Is 29 a factor of 5717?
False
Is 1008 a multiple of 9?
True
Does 13 divide 34203?
True
Is 2437 a multiple of 4?
False
Is 579 a multiple of 6?
False
Does 6 divide 6238?
False
Is 600 a multiple of 10?
True
Does 55 divide 1540?
True
Is 338 a factor of 16911?
False
Is 220 a multiple of 20?
True
Is 43 a factor of 559?
True
Is 3010 a multiple of 19?
False
Is 825 a multiple of 75?
True
Does 8 divide 384?
True
Is 84 a factor of 4864?
False
Is 8 a factor of 168?
True
Does 3 divide 742?
False
Is 19344 a multiple of 24?
True
Is 11 a factor of 451?
True
Is 13 a factor of 702?
True
Is 108 a multiple of 54?
True
Does 62 divide 496?
True
Is 3122 a multiple of 16?
False
Is 45 a factor of 56?
False
Is 5850 a multiple of 4?
False
Is 3 a factor of 2581?
False
Does 18 divide 8213?
False
Does 53 divide 954?
True
Is 8 a factor of 26207?
False
Does 20 divide 540?
True
Is 365 a multiple of 5?
True
Is 5358 a multiple of 25?
False
Does 11 divide 5688?
False
Is 224 a factor of 41440?
True
Is 1232 a multiple of 3?
False
Does 113 divide 2383?
False
Is 2 a factor of 489?
False
Is 21077 a multiple of 49?
False
Does 16 divide 8791?
False
Does 5 divide 2821?
False
Does 4 divide 283?
False
Is 4 a factor of 1700?
True
Is 45 a factor of 3361?
False
Is 27 a factor of 1156?
False
Does 20 divide 50775?
False
Is 16 a factor of 17396?
False
Is 233 even?
False
Is 83523 a multiple of 41?
False
Does 28 divide 504?
True
Is 11224 a multiple of 61?
True
Is 2067 a multiple of 19?
False
Does 18 divide 682?
False
Is 680 a multiple of 20?
True
Is 2084 a multiple of 85?
False
Is 4 a factor of 458?
False
Is 7 a factor of 2331?
True
Does 9 divide 34491?
False
Does 46 divide 62698?
True
Is 3692 a multiple of 26?
True
Does 47 divide 9219?
False
Is 14 a factor of 4688?
False
Is 7 a factor of 9877?
True
Is 1890 a multiple of 70?
True
Is 6 a factor of 1180?
False
Does 8 divide 11128?
True
Is 159 a multiple of 12?
False
Is 4380 a multiple of 6?
True
Is 10 a factor of 485?
False
Is 924 a multiple of 154?
True
Does 26 divide 12974?
True
Is 1300 a multiple of 20?
True
Does 11 divide 3793?
False
Is 254 a multiple of 2?
True
Does 75 divide 10425?
True
Is 2 a factor of 68?
True
Does 15 divide 4748?
False
Is 7396 a multiple of 86?
True
Is 198 a multiple of 18?
True
Does 9 divide 31383?
True
Is 14 a factor of 1536?
False
Is 26 a factor of 24752?
True
Is 7 a factor of 252?
True
Does 58 divide 7733?
False
Does 5 divide 860?
True
Is 377 a multiple of 50?
False
Is 26 a factor of 5764?
False
Is 226 a multiple of 2?
True
Is 1343 a multiple of 17?
True
Is 765 a multiple of 15?
True
Is 141 a multiple of 50?
False
Is 36 a factor of 468?
True
Is 10114 a multiple of 2?
True
Is 118 a factor of 3540?
True
Is 5 a factor of 970?
True
Is 957 a multiple of 14?
False
Is 20 a factor of 1840?
True
Does 53 divide 15560?
False
Does 33 divide 1348?
False
Does 20 divide 4582?
False
Does 18 divide 3390?
False
Does 21 divide 63?
True
Is 38 a factor of 787?
False
Is 109 a factor of 1308?
True
Does 183 divide 1098?
True
Is 111 a factor of 2664?
True
Does 19 divide 881?
False
Is 60 a factor of 2780?
False
Is 20 a factor of 1116?
False
Is 1404 a multiple of 78?
True
Is 12285 a multiple of 11?
False
Does 17 divide 1819?
True
Is 3796 a multiple of 27?
False
Is 1924 a multiple of 74?
True
Is 34 a factor of 4585?
False
Does 9 divide 132?
False
Does 181 divide 4344?
True
Is 1400 a multiple of 28?
True
Is 31 a factor of 899?
True
Does 55 divide 26994?
False
Is 10223 a multiple of 6?
False
Is 118 a factor of 15023?
False
Does 84 divide 3276?
True
Does 64 divide 3776?
True
Is 9 a factor of 63?
True
Is 1440 a multiple of 12?
True
Does 34 divide 13600?
True
Is 2 a factor of 29?
False
Does 53 divide 13405?
False
Is 54 a factor of 3753?
False
Does 2 divide 8492?
True
Is 84 a factor of 2688?
True
Is 141 a factor of 76892?
False
Does 55 divide 1221?
False
Does 2 divide 1802?
True
Does 29 divide 182?
False
Does 25 divide 1425?
True
Is 3920 a multiple of 10?
True
Is 11802 a multiple of 14?
True
Is 736 a multiple of 16?
True
Does 96 divide 9600?
True
Is 68 a factor of 4488?
True
Does 10 divide 1380?
True
Is 125 a factor of 4250?
True
Is 264 a multiple of 22?
True
Does 30 divide 300?
True
Is 65 a factor of 331?
False
Is 1031 a multip